ide q(26)?
True
Suppose 19*s + 1574 = 6438. Does 39 divide s?
False
Let w be 12*((-4)/(-3) - 2). Let m = w - -5. Let h = 11 + m. Is h a multiple of 8?
True
Let h be (-18)/(-4) - 1/2. Suppose -h*v + 63 = 4*j - 1, -5*v - 4*j + 79 = 0. Does 4 divide v?
False
Does 41 divide 2/8 - (-655)/4?
True
Does 5 divide -4 + (-1)/((-2)/60)?
False
Let u(x) = 2*x**2 - x. Let m be u(2). Let l = 9 - m. Does 3 divide l?
True
Suppose 1 = 2*v - 3. Suppose -v*n + 86 = -2*f - f, 4*n - f = 152. Let g = n + -26. Is 11 a factor of g?
True
Suppose -16*d + 15*d + 260 = 0. Is d a multiple of 13?
True
Let l(s) = -32*s - 2. Let d be l(2). Let n = d + 96. Does 15 divide n?
True
Let s(v) = -v**3 + 6 - 3 - 3*v**2 - 4*v + v**3 + v**3. Does 11 divide s(5)?
True
Suppose -5*c + 46 = -6*c. Let f = c + 133. Is 19 a factor of f?
False
Is 2*(-50)/(-30)*9/5 a multiple of 2?
True
Let g(f) = 60*f. Let y(u) = u - 1. Let o be y(2). Let m be g(o). Does 5 divide (3/(-4))/((-3)/m)?
True
Let t(z) = -z**3 - z**2 - z + 1. Let x(i) = 4*i**3 - 5*i**2 + 5*i - 4. Let k(o) = -3*t(o) - x(o). Is 18 a factor of k(7)?
True
Let g = -6 + 11. Suppose w + 2*s - 22 = -0*w, g*w + 2*s - 94 = 0. Is 9 a factor of w?
True
Let g be 14*(17/2 - 2). Suppose -3*r = -g - 131. Let b = r - 52. Is b a multiple of 11?
True
Let t(u) = 15*u**3 + 4*u - 3. Let p be t(2). Suppose -c - p = -3*c - 3*j, c + 4*j - 75 = 0. Is c a multiple of 22?
False
Let c(y) = -y**2 - 8*y - 3. Let n be c(-9). Let d(f) = -4*f - 9. Is d(n) a multiple of 16?
False
Let i(u) = -19*u - 3. Does 18 divide i(-3)?
True
Let k be 24 + ((-10)/2 - -2). Is (-46)/(-14) + (-6)/k a multiple of 2?
False
Suppose 4*j + 5*h - 85 = 0, 72 - 7 = 3*j + 4*h. Does 10 divide j?
False
Is 18 a factor of 11/(-66) - 859/(-6)?
False
Suppose 0 = -2*z - z - 4*k + 100, -4*z - k = -155. Suppose 0*o - z = -5*o. Does 4 divide o?
True
Suppose -3*j + 5*u + 21 = 0, -u - 14 = -j + 3*u. Suppose -78 = -4*p + j*p. Is 10 a factor of p?
False
Let h(n) = 32*n**2 + 9*n - 1. Let z(w) = -48*w**2 - 13*w + 2. Let j(d) = -7*h(d) - 5*z(d). Is 37 a factor of j(-3)?
False
Suppose 2 + 2 = 2*o, 4 = -4*z + 2*o. Suppose z = -0*s + s - 46. Does 23 divide s?
True
Let c = 3 - 1. Suppose -3*k + 3 = -4*q + q, c = q. Suppose -5*i = -k*i - 20. Is 3 a factor of i?
False
Let u be 99 + -3 + 0/(-2). Suppose -2*m - 52 = -3*m. Suppose -2*t + m = 2*f, -t + 3*f = 2*t - u. Is t a multiple of 8?
False
Let y(i) = 6*i + 17. Does 15 divide y(8)?
False
Is 9 a factor of (-1 + 3)/((-2)/(-32))?
False
Let h(a) = -4*a. Let d be h(-8). Let g = d + -18. Is 4 a factor of 2*(1 + -2) + g?
True
Suppose 30 - 9 = 3*n. Let q = n - 0. Let r = q + 8. Does 15 divide r?
True
Is 6/21 - (-355)/7 a multiple of 23?
False
Suppose 4*g = 325 + 43. Is 20 a factor of g?
False
Suppose -w + 3*w = -28. Let x = w + -67. Does 26 divide (-470)/(-9) - (-18)/x?
True
Suppose -23*j + 952 = -16*j. Does 17 divide j?
True
Let s(o) = -o**2 + 6*o + 3. Let q(b) = b**2 - 5*b - 2. Let u(r) = 6*q(r) + 5*s(r). Is u(-7) a multiple of 26?
True
Let q be -2 - (-18 + (-2 - -2)). Let o = q - 9. Let v = 16 - o. Does 9 divide v?
True
Is 10 a factor of 664/22 + 0 - (-12)/(-66)?
True
Suppose -130*m + 139 = -129*m. Does 13 divide m?
False
Let g(x) = x**2 + 4*x + 4. Let p be g(-4). Suppose -p*l + 60 = l. Let s = -3 + l. Does 8 divide s?
False
Let q(s) = 4*s**2 + 6*s + 2. Is q(-4) a multiple of 14?
True
Let a = -126 - -66. Is 14 a factor of (-2 - a/(-9))*-3?
False
Let o be (16/(-12))/((-2)/3). Suppose 3*f - 3 = o*f. Is 6 a factor of 52/8 - f/(-6)?
False
Suppose 2*c - 35 = -5*h, h - 33 = -c - 2*c. Let a = 20 + c. Is a a multiple of 15?
True
Let c(a) be the third derivative of a**5/60 - a**4/12 + a**3/6 - a**2. Let u be c(3). Suppose -u*q = -3 - 5. Is q a multiple of 2?
True
Suppose 4*m - 12 = -2*m. Suppose -m*s + 5*k = 5, k - 5*k + 27 = 3*s. Is 3 a factor of s?
False
Let p be 97/(-11) + (-4)/22. Let g = p + -129. Does 8 divide g/(-9) - (-6)/9?
True
Let b(i) = -i**3 - 2*i**2 - i + 1. Is b(-4) a multiple of 11?
False
Let c(o) = -10*o - 6. Does 10 divide c(-4)?
False
Is (1/3)/(18/3780) a multiple of 10?
True
Let l be ((-2)/6)/((-2)/12). Let i(n) = 8 - n**2 + 0*n**l + 0*n**2 - 7*n. Is 4 a factor of i(-7)?
True
Suppose i + 4*i = 0. Suppose 2*x + 46 = -2*b, 4*b + 5*x + 88 = -i*x. Let c = -17 - b. Is c a multiple of 10?
True
Let r be (-4)/(-2) - 6 - 1. Suppose 9*i + 32 = 13*i. Let t = r + i. Does 3 divide t?
True
Let o = -108 + 107. Let y(b) = 1 - 2*b + 2*b**2 + 0 + 3*b. Does 2 divide y(o)?
True
Let t be 2/(-4)*(1 + -1). Suppose g + 14 = -t*g. Let b = g + 25. Does 4 divide b?
False
Suppose 2*n - 18 = 3*i - 3*n, 0 = i - 4*n + 6. Let s be (8 + -4)*(-9)/(-4). Let c = i + s. Is 2 a factor of c?
False
Suppose -16 = -2*h + 90. Let p be (-106)/(-8) - 3/12. Suppose h = 3*k - p. Is k a multiple of 11?
True
Let p(f) = -f + 7. Suppose k - 5*k - 36 = 0. Does 13 divide p(k)?
False
Suppose 3*a - 2*a - 12 = -i, i = 3*a - 16. Is a a multiple of 3?
False
Let u = -13 - -18. Suppose -5*h - u*l = 10, -4*h + l + 5 = -12. Suppose 0 = -i - h*i + 28. Is 5 a factor of i?
False
Let f(g) = -30*g - 1. Let d be f(1). Let w = -67 + d. Let u = 159 + w. Is u a multiple of 23?
False
Let r be 5 + -2*(1 - 0). Suppose -26 = -r*g + 25. Let h = 35 - g. Does 9 divide h?
True
Let n be (-4)/6 - 3/9. Let g(i) = i + 8. Let s be g(-6). Is 20 a factor of 18 - 1/n*s?
True
Suppose -20 + 9 = -4*t - v, -4*v = -4*t + 36. Suppose -x = -38 - t. Is 21 a factor of x?
True
Suppose -2*a + 10 = -2. Let b = 6 + a. Does 6 divide b?
True
Suppose -7 = -r - 0. Let v(j) = j**2 - 4*j - 7. Is 14 a factor of v(r)?
True
Let j = -23 + 95. Does 15 divide j?
False
Let k be ((-516)/(-24))/((-2)/(-4)). Suppose -13 - k = -l. Is 12 a factor of l?
False
Suppose -3*g + s = 16, -5*s = -g + 5*g - 4. Is 11 a factor of 2/(5/((-170)/g))?
False
Let j = 9 - 102. Let w = j - -60. Let z = -11 - w. Does 13 divide z?
False
Let t = -14 - -9. Let h(l) = l + 10. Let n be h(t). Let c = n - -8. Is c a multiple of 6?
False
Suppose -3 = -3*g + 33. Let a(n) = 2*n**2 - 2*n - 5. Let o be a(-7). Suppose -5*h + o = g. Is 19 a factor of h?
True
Let z(y) = -13*y**3 + y**2 + y - 1. Does 11 divide z(-1)?
False
Suppose 0 = 4*p + 2*u - 14, -2*p + u - 3*u = -6. Suppose 6*c + 4 = -t + 2*c, -4*t + p*c = 36. Is 10 a factor of 9/1*t/(-6)?
False
Let g(f) = f**2 - 14*f - 4. Let v(i) = -2*i**2 + 27*i + 9. Let l(m) = -7*g(m) - 3*v(m). Is l(16) a multiple of 6?
False
Let l = -16 + 90. Is l a multiple of 28?
False
Let i = -45 - -141. Is 19 a factor of i?
False
Let c = 0 + 4. Let w(j) = j - 2. Does 2 divide w(c)?
True
Suppose -w = -109 + 64. Is w a multiple of 3?
True
Let f = -5 + 4. Is 44/(-3)*(-2 + f) a multiple of 22?
True
Suppose 3*m - 25 = -2*m. Does 4 divide (-18)/(-5) - (-2)/m?
True
Let w(j) = j**3 + 3*j**2 - j - 4. Let q be w(-3). Let u be 48/(-10)*(-4 + q). Suppose 81 + u = 5*g. Is g a multiple of 8?
False
Let l(h) = 2*h**2 + h - 2. Is 2 a factor of l(-2)?
True
Let k = -97 - -207. Is k a multiple of 21?
False
Let w be (63/(-35))/(1/(-65)). Suppose -5*a - 27 + w = 0. Is a a multiple of 8?
False
Suppose -4*t + 3*x = -351, t - 5*x - 92 = -0*t. Suppose -3*j = -0*j - t. Suppose -69 = -4*s - j. Is 5 a factor of s?
True
Suppose -g + 1 + 2 = 0. Suppose -g*c + 45 = -0*c. Does 8 divide c?
False
Suppose -4 + 10 = 3*n. Suppose -3*p + 7*p = -4*i, -3*i - 1 = 4*p. Does 4 divide i/1 + 16/n?
False
Let v = -4 - -8. Let a = 4 - v. Suppose a*l = -l + 11. Is 9 a factor of l?
False
Let f be 2/11 - 57/11. Let l be (-4)/(f/(10/4)). Suppose -4 = -l*b + 8. Is b a multiple of 6?
True
Let r(b) = b**3 - 9*b**2 + 2. Let k be r(9). Let q = k + 16. Does 18 divide q?
True
Let t = 68 + -14. Does 18 divide t?
True
Let l(c) = c**3 + 2*c**2 - 3*c + 4. Let t be l(-3). Let j(w) = -1 - 2*w + w + 3 + w**2. Is 14 a factor of j(t)?
True
Let h(o) = 6*o**2 + o + 1. Let z be h(-1). Let x(m) = m + 1. Does 3 divide x(z)?
False
Suppose 4*k = -k + 10. Is (-1 - -2)*(5 + k) a multiple of 7?
True
Suppose 0 = -5*o + 2*o + 12. Let u = o + 3. Does 3 divide u?
False
Let m(b) = -51*b + 12. Is m(-3) a multiple of 28?
False
Let q = -11 + 15. Suppose k + 5*m = 9 + 10, q*k - 5*m - 51 = 0. Is 5 a factor of k?
False
Let g(t) = t - 13 + 9*t - t**2 + 3*t. Let y be g(9). Does 8 divide y*(-3)/(-3*1)?
False
Let f(o) = 7*o + 5. Let t be f(4). Let n be 4/14 - t/(-7). Le